hat is -349a2 + 764?
-3423a
In base 7, what is 31214023 - 3?
31214020
In base 16, what is -1e39000 - -5?
-1e38ffb
In base 3, what is -1200222200022122 - -12?
-1200222200022110
In base 13, what is 3466ac3b + 1?
3466ac3c
In base 15, what is 2d9b - -4447?
72e3
In base 8, what is 130330 - -27467?
160017
In base 7, what is -21260515 - 2?
-21260520
In base 14, what is 6d - 11c3c?
-11bad
In base 8, what is 327764 - -142?
330126
In base 6, what is 31331440 - 210?
31331230
In base 7, what is -255 + 66112?
65524
In base 2, what is 1110000111101110011 - 110001010?
1110000110111101001
In base 4, what is -1 + -20310221230?
-20310221231
In base 6, what is 5155514313 - 2?
5155514311
In base 14, what is -409d + -51c?
-45bb
In base 10, what is -4 - 3738798?
-3738802
In base 7, what is 416231164 + 2?
416231166
In base 7, what is -30523 + -3200?
-34023
In base 7, what is -435 + -31620?
-32355
In base 5, what is -1214301220 - -303?
-1214300412
In base 11, what is 3 + -1a992a?
-1a9927
In base 6, what is 4303421252 + -5?
4303421243
In base 3, what is 22201011211 - -2000?
22201020211
In base 8, what is 2 - -5446441?
5446443
In base 13, what is 1c19901 + 4?
1c19905
In base 12, what is 272510 - 8aa?
271822
In base 10, what is 99 - 1664295?
-1664196
In base 14, what is -30b81 + -49?
-30bca
In base 4, what is -1 + -11231322310?
-11231322311
In base 7, what is -103231 + -244?
-103505
In base 2, what is 11101100101 + 101011010000000?
101110111100101
In base 8, what is -505220 - 12416?
-517636
In base 3, what is 200022 - 11000011121?
-10222111022
In base 2, what is 11011111111010110001 + 1010110100?
11100000000101100101
In base 14, what is 12 - -286ba?
286cc
In base 6, what is 112413 - -1523?
114340
In base 11, what is -3 - 159a741?
-159a744
In base 6, what is -151203413 - -115?
-151203254
In base 8, what is -346 + 120322?
117754
In base 10, what is -13 - 34284783?
-34284796
In base 13, what is b76a39 - 3?
b76a36
In base 15, what is -a + -1aecb14?
-1aecb1e
In base 5, what is -3113121312213 - 4?
-3113121312222
In base 5, what is 1301010422 + -3?
1301010414
In base 6, what is 3 - -2105133210?
2105133213
In base 11, what is -115 - -1687a?
16765
In base 7, what is -6232 - 34016?
-43251
In base 3, what is -10210122 + -22110110?
-110021002
In base 2, what is 10 - 10110010000000110101111101?
-10110010000000110101111011
In base 12, what is 2aa260 - 207?
2aa055
In base 10, what is 6 - -218858?
218864
In base 10, what is 92402 - -193?
92595
In base 3, what is 100 - 1100022010000100?
-1100022010000000
In base 12, what is 8aa96 + 268?
8b142
In base 5, what is 242044100 - 120?
242043430
In base 14, what is -8c - 11a77c?
-11a82a
In base 12, what is -2 - 5587349?
-558734b
In base 2, what is 11 - -110010110011011101011?
110010110011011101110
In base 11, what is -3382 + 273a?
-743
In base 9, what is 18 - -226038?
226057
In base 13, what is 8 - 907323?
-907318
In base 2, what is 110001001010101101000000100 + -11?
110001001010101101000000001
In base 12, what is 42642 + 51b0?
47832
In base 9, what is -5720 + -16203?
-23023
In base 15, what is 122b0 - -268?
12528
In base 15, what is -3 + -604cd3e?
-604cd42
In base 6, what is -1005034 + 32352?
-532242
In base 3, what is -10 - 100012121222202?
-100012121222212
In base 14, what is 415 - 5816c?
-57b57
In base 9, what is -56562161 - -2?
-56562158
In base 8, what is -444 + 16517070?
16516424
In base 9, what is 45855331 - -4?
45855335
In base 6, what is 10351205104 + 21?
10351205125
In base 10, what is -3 + 6997868?
6997865
In base 7, what is -21163032360 + 0?
-21163032360
In base 14, what is -2653 + -b?
-2660
In base 3, what is 1100212021112112 + 11?
1100212021112200
In base 14, what is -4343c + -31?
-4346d
In base 4, what is -2021112031 - 123?
-2021112220
In base 16, what is -60486c5 + 2?
-60486c3
In base 15, what is -182 - -2bd14?
2bb82
In base 12, what is 36a450 + -4?
36a448
In base 4, what is -1 - -330201012222?
330201012221
In base 8, what is -2 - 142231741?
-142231743
In base 12, what is 5 + -1a9484?
-1a947b
In base 11, what is 169 - -848a2a?
849098
In base 14, what is -30b6c + 79d?
-303ad
In base 13, what is 2 - -715211?
715213
In base 13, what is -2ac0a9 + 0?
-2ac0a9
In base 15, what is a6c64 + -d6?
a6b7d
In base 9, what is -6 + 2552777?
2552771
In base 7, what is -23055463215 + -2?
-23055463220
In base 12, what is 3 + 318065?
318068
In base 15, what is -1 + 643c019?
643c018
In base 16, what is e78 + 2564?
33dc
In base 5, what is 40122004 - -104?
40122113
In base 16, what is 1f6 - -1c452?
1c648
In base 13, what is 3327080 + -2?
332707b
In base 15, what is -15 + 50aa7?
50a92
In base 13, what is -112a + 72a30?
71903
In base 9, what is -2441485 - -75?
-2441410
In base 2, what is -10 - -10101110110001011101100?
10101110110001011101010
In base 13, what is -373 - 10143?
-104b6
In base 15, what is -2 - 7ddeac?
-7ddeae
In base 9, what is 5734 + -2615?
3118
In base 14, what is -3 - a6d940?
-a6d943
In base 16, what is -82 - 4be?
-540
In base 4, what is 20 + 3013210010023?
3013210010103
In base 16, what is -10f + 7?
-108
In base 3, what is 11 - -100002000212001?
100002000212012
In base 12, what is -60 + 845aa3?
845a43
In base 3, what is -110120202220200 - 1?
-110120202220201
In base 4, what is 1311 + 3002023?
3010000
In base 9, what is -16764 + 258?
-16505
In base 12, what is 3a00532 - -37?
3a00569
In base 3, what is -1011010121 - -2011112?
-1001222002
In base 14, what is -157 - 2a2?
-419
In base 14, what is -4 - -16165?
16161
In base 9, what is -226 + 852215?
851878
In base 4, what is 212031 - 210222122?
-210010031
In base 16, what is -3 - -15bb83?
15bb80
In base 12, what is 58 - -12948?
129a4
In base 2, what is 11011010000111 - -100110111100111?
1000010001101110
In base 12, what is -1 - 59711?
-59712
In base 11, what is 42732 - a9?
42634
In base 7, what is 40565413 + 40?
40565453
In base 8, what is 1 + 124455257?
124455260
In base 5, what is -12 + 30040102?
30040040
In base 3, what is 22010020100 - -12?
22010020112
In base 12, what is 3 - 1595530?
-1595529
In base 3, what is -1202120 + 1010221022?
1002011202
In base 3, what is -2012100 + -11112120?
-20201220
In base 13, what is b - 72aa69?
-72aa5b
In base 16, what is 209b3 + -10c?
208a7
In base 14, what is -ab77598 + 3?
-ab77595
In base 13, what is -814111 + -1?
-814112
In base 16, what is -d7e95 + a?
-d7e8b
In base 15, what is 8 - -576ab5?
576abd
In base 4, what is -23 + 2003103?
2003020
In base 13, what is 2280 + -242?
203b
In base 4, what is -102320123 - 131210?
-103111333
In base 5, what is -2420320103 + -2?
-2420320110
In base 6, what is 24130232343 - 4?
24130232335
In base 13, what is -108585c + -11?
-1085870
In base 8, what is -36654 + 14?
-36640
In base 11, what is 11272 + -29616?
-18354
In base 6, what is -3 + -3044453054?
-3044453101
In base 3, what is -2122212220221 + -12?
-2122212221010
In base 8, what is 106675137 + 20?
106675157
In base 13, what is -123044 + 86?
-122c8b
In base 4, what is -220220 - 1313012?
-2133232
In base 12, what is 362ab + -808?
356a3
In base 8, what is 5451743 + 30?
5451773
In base 10, what is -25563712 - 1?
-25563713
In base 13, what is -21244 - -223?
-21021
In base 7, what is -10662662 + -6?
-10663001
In base 13, what is 282a75 - 58?
282a1a
In base 2, what is -1100111111100011000110011 - -101?
-1100111111100011000101110
In base 6, what is 1515 + 12534320?
12540235
In base 10, what is 82090 + -249?
81841
In base 11, what is -67 + 31640?
31584
In base 2, what is -10 - -10011011001111100100001?
10011011001111100011111
In base 16, what is -295cc863 + -5?
-295cc868
In base 2, what is -1101110 - 1011101001011010000?
-1011101001100111110
In base 14, what is 66b9b9a - -7?
66b9ba3
In base 13, what is 5 + -ca0a753?
-ca0a74b
In base 11, what is 75 + -4a5258?
-4a5193
In base 12, what is -128310 + 5?
-128307
In base 2, what is 11 + -10010010011101101001100?
-10010010011101101001001
In base 3, what is 102 + 2221220202222021?
2221220202222200
In base 15, what is -43b78 - -20?
-43b58
In base 7, what is 625 + -602403?
-601445
In base 11, what is 0 - -7623036?
7623036
In base 14, what is -76d98 + -4?
-76d9c
In base 7, what is -2444641 + 1545?
-2443063
In base 3, what is 1012002 + 10110200220?
10111212222
In base 8, what is -76577 + 27?
-76550
In base 9, what is 74647560 - -2?